{"id":15,"date":"2021-11-14T20:16:10","date_gmt":"2021-11-14T19:16:10","guid":{"rendered":"https:\/\/aquablog.pl\/?page_id=15"},"modified":"2022-03-04T09:18:18","modified_gmt":"2022-03-04T08:18:18","slug":"okolica","status":"publish","type":"page","link":"https:\/\/nocleg-kaszuby.pl\/index.php\/okolica\/","title":{"rendered":"Okolica"},"content":{"rendered":"\n<p><\/p>\n\n\n\n<p><\/p>\n\n\n\n<section id=\"section-7e6406eb-6a13-4760-a055-dcbce1e462f0\" class=\"wp-block-gutentor-advanced-columns gutentor-section gutentor-advanced-columns has-color-bg has-custom-bg\"><div class=\"grid-container\"><div class=\"grid-row\">\n<div id=\"section-8d6f0184-abe0-4ee4-904f-c927ad7bd1a8\" class=\"wp-block-gutentor-single-column gutentor-single-column  grid-lg-7 grid-md-12 grid-12\">\n<div id=\"section-5e43bf51-fc04-4210-b5c1-ff868b83ca7a\" class=\"wp-block-gutentor-content-box gutentor-section gutentor-content-box-wrapper content-template1\"><div class=\"grid-container gutentor-rm-ct-space\"><div class=\"gutentor-block-header\"><div class=\"gutentor-section-title text-left\"><h2 class=\"gutentor-title\">Wiele<\/h2><\/div><\/div><div class=\"grid-row gutentor-grid-item-wrap\"><div class=\"gutentor-grid-column grid-lg-12 grid-md-12 grid-12\"><div class=\"gutentor-single-item gutentor-single-item-0\"><div class=\"gutentor-single-item-wrap\"><div class=\"gutentor-single-item-content\"><h2 class=\"gutentor-single-item-title\"><\/h2><p class=\"gutentor-single-item-desc\">Wiele to pi\u0119kna miejscowo\u015b\u0107 na Kaszubach, po\u0142o\u017cona nad Jeziorem Wielewskim i nieco mniejszym Jeziorem Ciep\u0142ym, otoczona rozleg\u0142ymi Borami Tucholskimi, na po\u0142udniowym kra\u0144cu\u00a0<a href=\"http:\/\/pl.wikipedia.org\/wiki\/Wdzydzki_Park_Krajobrazowy\">Wdzydzkiego Parku Krajobrazowego<\/a>. Doskona\u0142e miejsce na letni wypoczynek. Amatorzy pieszych i rowerowych wycieczek, zwolennicy sport\u00f3w wodnych znajd\u0105 tutaj wspania\u0142e warunki.W miejscowo\u015bci organizowane s\u0105 cyklicznie Turniej Gaw\u0119dziarzy Ludowych i Mi\u0119dzynarodowy Festiwal Folkloru oraz inne, nieco mniejsze wydarzenia i obchody r\u00f3\u017cnych \u015bwi\u0105t.<br>W Wielu znajduje si\u0119 neobarokowy ko\u015bci\u00f3\u0142 pod wezwaniem \u015bw. Miko\u0142aja z 1906 roku oraz malowniczo po\u0142o\u017cona zabytkowa Kalwaria Wielewska z 1927 roku, drugi taki obiekt na ca\u0142ym Pomorzu, a tak\u017ce:<\/p><\/div><\/div><\/div><\/div><\/div><\/div><\/div>\n\n\n\n<div id=\"section-d1f38251-fd0a-4605-9203-82972514271f\" class=\"wp-block-gutentor-list gutentor-section gutentor-list-wrapper list-template1\"><div class=\"grid-container gutentor-rm-ct-space\"><ul class=\"grid-row gutentor-grid-item-wrap list-indicator-icon text-left gutentor-rm-row-space\"><li class=\"gutentor-list-item grid-lg-12 grid-md-6 grid-12 gutentor-rm-col-space-d gutentor-rm-col-space\"><span class=\"gutentor-single-item gutentor-single-item-0\"><span class=\"gutentor-list-item-wrap\"><span class=\"gutentor-single-list-item-icon\"><i class=\"list-item-icon fas fa-check\"><\/i><\/span><span class=\"gutentor-list-item\"><p class=\"gutentor-single-item-title\">Jezioro Wielewskie z k\u0105pieliskiem strze\u017conym i wypo\u017cyczalni\u0105 sprz\u0119tu wodnego<\/p><\/span><\/span><\/span><\/li><li class=\"gutentor-list-item grid-lg-12 grid-md-6 grid-12 gutentor-rm-col-space-d gutentor-rm-col-space\"><span class=\"gutentor-single-item gutentor-single-item-1\"><span class=\"gutentor-list-item-wrap\"><span class=\"gutentor-single-list-item-icon\"><i class=\"list-item-icon fas fa-check\"><\/i><\/span><span class=\"gutentor-list-item\"><p class=\"gutentor-single-item-title\">doskona\u0142e miejsca na zbi\u00f3r runa le\u015bnego: grzyby, jagody itp.<\/p><\/span><\/span><\/span><\/li><li class=\"gutentor-list-item grid-lg-12 grid-md-6 grid-12 gutentor-rm-col-space-d gutentor-rm-col-space\"><span class=\"gutentor-single-item gutentor-single-item-2\"><span class=\"gutentor-list-item-wrap\"><span class=\"gutentor-single-list-item-icon\"><i class=\"list-item-icon fas fa-check\"><\/i><\/span><span class=\"gutentor-list-item\"><p class=\"gutentor-single-item-title\">Jezioro Ciep\u0142e<\/p><\/span><\/span><\/span><\/li><li class=\"gutentor-list-item grid-lg-12 grid-md-6 grid-12 gutentor-rm-col-space-d gutentor-rm-col-space\"><span class=\"gutentor-single-item gutentor-single-item-3\"><span class=\"gutentor-list-item-wrap\"><span class=\"gutentor-single-list-item-icon\"><i class=\"list-item-icon fas fa-check\"><\/i><\/span><span class=\"gutentor-list-item\"><p class=\"gutentor-single-item-title\">Muzeum Ziemi Zaborskiej w Wielu<\/p><\/span><\/span><\/span><\/li><li class=\"gutentor-list-item grid-lg-12 grid-md-6 grid-12 gutentor-rm-col-space-d gutentor-rm-col-space\"><span class=\"gutentor-single-item gutentor-single-item-4\"><span class=\"gutentor-list-item-wrap\"><span class=\"gutentor-single-list-item-icon\"><i class=\"list-item-icon fas fa-check\"><\/i><\/span><span class=\"gutentor-list-item\"><p class=\"gutentor-single-item-title\">stanowiska w\u0119dkarskie<\/p><\/span><\/span><\/span><\/li><li class=\"gutentor-list-item grid-lg-12 grid-md-6 grid-12 gutentor-rm-col-space-d gutentor-rm-col-space\"><span class=\"gutentor-single-item gutentor-single-item-5\"><span class=\"gutentor-list-item-wrap\"><span class=\"gutentor-single-list-item-icon\"><i class=\"list-item-icon fas fa-check\"><\/i><\/span><span class=\"gutentor-list-item\"><p class=\"gutentor-single-item-title\">rozbudowane zaplecze gastronomiczne<\/p><\/span><\/span><\/span><\/li><li class=\"gutentor-list-item grid-lg-12 grid-md-6 grid-12 gutentor-rm-col-space-d gutentor-rm-col-space\"><span class=\"gutentor-single-item gutentor-single-item-6\"><span class=\"gutentor-list-item-wrap\"><span class=\"gutentor-single-list-item-icon\"><i class=\"list-item-icon fas fa-check\"><\/i><\/span><span class=\"gutentor-list-item\"><p class=\"gutentor-single-item-title\">zaplecze sportowe \u2013 og\u00f3lnodost\u0119pny orlik<\/p><\/span><\/span><\/span><\/li><\/ul><\/div><\/div>\n<\/div>\n\n\n\n<div id=\"section-d5e1dbf2-e824-4b4e-aa86-6826bdf986e5\" class=\"wp-block-gutentor-single-column gutentor-single-column  grid-lg-5 grid-md-12 grid-12\">\n<figure class=\"wp-block-embed is-type-video is-provider-youtube wp-block-embed-youtube wp-embed-aspect-16-9 wp-has-aspect-ratio\"><div class=\"wp-block-embed__wrapper\">\n<iframe loading=\"lazy\" title=\"Noclegi na Kaszubach - Kaszubski Sen zaprasza.\" width=\"525\" height=\"295\" src=\"https:\/\/www.youtube.com\/embed\/1CWRM6Pv3iU?feature=oembed\" frameborder=\"0\" allow=\"accelerometer; autoplay; clipboard-write; encrypted-media; gyroscope; picture-in-picture; web-share\" referrerpolicy=\"strict-origin-when-cross-origin\" allowfullscreen><\/iframe>\n<\/div><\/figure>\n<\/div>\n<\/div><\/div><\/section>\n\n\n\nngg_shortcode_0_placeholder\n\n\n\n<p><\/p>\n\n\n\n<p><\/p>\n\n\n\n<p><\/p>\n\n\n\n<p><\/p>\n","protected":false},"excerpt":{"rendered":"","protected":false},"author":1,"featured_media":1135,"parent":0,"menu_order":0,"comment_status":"closed","ping_status":"closed","template":"","meta":{"ngg_post_thumbnail":0,"footnotes":""},"class_list":["post-15","page","type-page","status-publish","has-post-thumbnail","hentry"],"_links":{"self":[{"href":"https:\/\/nocleg-kaszuby.pl\/index.php\/wp-json\/wp\/v2\/pages\/15","targetHints":{"allow":["GET"]}}],"collection":[{"href":"https:\/\/nocleg-kaszuby.pl\/index.php\/wp-json\/wp\/v2\/pages"}],"about":[{"href":"https:\/\/nocleg-kaszuby.pl\/index.php\/wp-json\/wp\/v2\/types\/page"}],"author":[{"embeddable":true,"href":"https:\/\/nocleg-kaszuby.pl\/index.php\/wp-json\/wp\/v2\/users\/1"}],"replies":[{"embeddable":true,"href":"https:\/\/nocleg-kaszuby.pl\/index.php\/wp-json\/wp\/v2\/comments?post=15"}],"version-history":[{"count":15,"href":"https:\/\/nocleg-kaszuby.pl\/index.php\/wp-json\/wp\/v2\/pages\/15\/revisions"}],"predecessor-version":[{"id":1225,"href":"https:\/\/nocleg-kaszuby.pl\/index.php\/wp-json\/wp\/v2\/pages\/15\/revisions\/1225"}],"wp:featuredmedia":[{"embeddable":true,"href":"https:\/\/nocleg-kaszuby.pl\/index.php\/wp-json\/wp\/v2\/media\/1135"}],"wp:attachment":[{"href":"https:\/\/nocleg-kaszuby.pl\/index.php\/wp-json\/wp\/v2\/media?parent=15"}],"curies":[{"name":"wp","href":"https:\/\/api.w.org\/{rel}","templated":true}]}}